igit of 5304?
5
What is the thousands digit of 3039?
3
What is the units digit of 10949?
9
What is the tens digit of 9862?
6
What is the units digit of 58026?
6
What is the tens digit of 1592?
9
What is the tens digit of 1159?
5
What is the tens digit of 5173?
7
What is the hundreds digit of 11428?
4
What is the hundreds digit of 732?
7
What is the hundreds digit of 10789?
7
What is the hundreds digit of 37075?
0
What is the ten thousands digit of 35714?
3
What is the thousands digit of 2151?
2
What is the units digit of 21888?
8
What is the hundreds digit of 602?
6
What is the units digit of 592?
2
What is the units digit of 1803?
3
What is the thousands digit of 3210?
3
What is the tens digit of 66825?
2
What is the hundreds digit of 11888?
8
What is the thousands digit of 2169?
2
What is the units digit of 420?
0
What is the tens digit of 1930?
3
What is the hundreds digit of 1081?
0
What is the ten thousands digit of 15461?
1
What is the tens digit of 5017?
1
What is the thousands digit of 1270?
1
What is the thousands digit of 1231?
1
What is the hundreds digit of 710?
7
What is the tens digit of 1621?
2
What is the units digit of 7414?
4
What is the units digit of 6169?
9
What is the units digit of 1879?
9
What is the ten thousands digit of 80790?
8
What is the hundreds digit of 1662?
6
What is the hundreds digit of 143244?
2
What is the units digit of 2593?
3
What is the thousands digit of 2993?
2
What is the tens digit of 2975?
7
What is the hundreds digit of 15634?
6
What is the tens digit of 13615?
1
What is the hundred thousands digit of 177945?
1
What is the units digit of 12577?
7
What is the tens digit of 50052?
5
What is the hundreds digit of 27716?
7
What is the units digit of 12002?
2
What is the hundreds digit of 2547?
5
What is the units digit of 285?
5
What is the units digit of 539?
9
What is the thousands digit of 2420?
2
What is the units digit of 112?
2
What is the hundreds digit of 295?
2
What is the hundreds digit of 19208?
2
What is the thousands digit of 8035?
8
What is the hundreds digit of 97103?
1
What is the thousands digit of 4670?
4
What is the thousands digit of 5085?
5
What is the tens digit of 9920?
2
What is the hundreds digit of 836?
8
What is the units digit of 20736?
6
What is the hundreds digit of 36967?
9
What is the hundreds digit of 645?
6
What is the thousands digit of 2502?
2
What is the tens digit of 1233?
3
What is the thousands digit of 1967?
1
What is the units digit of 67021?
1
What is the units digit of 3632?
2
What is the hundreds digit of 1085?
0
What is the tens digit of 7049?
4
What is the ten thousands digit of 23588?
2
What is the units digit of 1471?
1
What is the units digit of 233?
3
What is the tens digit of 1007?
0
What is the units digit of 697?
7
What is the thousands digit of 1777?
1
What is the units digit of 52618?
8
What is the hundreds digit of 28701?
7
What is the units digit of 1334?
4
What is the hundreds digit of 8324?
3
What is the hundreds digit of 44115?
1
What is the tens digit of 26305?
0
What is the thousands digit of 3482?
3
What is the thousands digit of 6620?
6
What is the units digit of 82724?
4
What is the tens digit of 35?
3
What is the tens digit of 30334?
3
What is the ten thousands digit of 32692?
3
What is the units digit of 3010?
0
What is the units digit of 15?
5
What is the hundred thousands digit of 158006?
1
What is the ten thousands digit of 11652?
1
What is the thousands digit of 3478?
3
What is the hundreds digit of 2325?
3
What is the thousands digit of 2140?
2
What is the tens digit of 59419?
1
What is the units digit of 2447?
7
What is the tens digit of 1083?
8
What is the units digit of 5772?
2
What is the tens digit of 14955?
5
What is the hundreds digit of 3410?
4
What is the thousands digit of 1627?
1
What is the tens digit of 1990?
9
What is the tens digit of 6334?
3
What is the thousands digit of 4844?
4
What is the units digit of 12277?
7
What is the units digit of 97?
7
What is the ten thousands digit of 50115?
5
What is the thousands digit of 2721?
2
What is the units digit of 87161?
1
What is the tens digit of 1069?
6
What is the ten thousands digit of 94154?
9
What is the units digit of 2124?
4
What is the thousands digit of 62169?
2
What is the hundreds digit of 15730?
7
What is the tens digit of 3117?
1
What is the hundreds digit of 2432?
4
What is the tens digit of 51812?
1
What is the tens digit of 850?
5
What is the tens digit of 11862?
6
What is the thousands digit of 1006?
1
What is the tens digit of 1022?
2
What is the units digit of 43578?
8
What is the hundreds digit of 17811?
8
What is the ten thousands digit of 97191?
9
What is the units digit of 822?
2
What is the units digit of 47324?
4
What is the thousands digit of 54864?
4
What is the tens digit of 12799?
9
What is the ten thousands digit of 131818?
3
What is the hundreds digit of 892?
8
What is the ten thousands digit of 18067?
1
What is the hundreds digit of 2947?
9
What is the hundreds digit of 3440?
4
What is the tens digit of 18173?
7
What is the hundreds digit of 13106?
1
What is the thousands digit of 13131?
3
What is the units digit of 829?
9
What is the thousands digit of 2444?
2
What is the tens digit of 2073?
7
What is the hundreds digit of 27031?
0
What is the tens digit of 272?
7
What is the tens digit of 4570?
7
What is the hundreds digit of 1977?
9
What is the tens digit of 1438?
3
What is the tens digit of 5450?
5
What is the tens digit of 27037?
3
What is the thousands digit of 21620?
1
What is the hundreds digit of 9007?
0
What is the units digit of 2247?
7
What is the thousands digit of 2171?
2
What is the hundreds digit of 51500?
5
What is the hundreds digit of 130146?
1
What is the hundreds digit of 47810?
8
What is the hundreds digit of 1391?
3
What is the tens digit of 10517?
1
What is the hundreds digit of 10993?
9
What is the ten thousands digit of 21721?
2
What is the thousands digit of 25558?
5
What is the tens digit of 9302?
0
What is the tens digit of 78856?
5
What is the ten thousands digit of 77605?
7
What is the ten thousands digit of 21471?
2
What is the thousands digit of 6894?
6
What is the units digit of 131?
1
What is the hundreds digit of 52865?
8
What is the tens digit of 1717?
1
What is the thousands digit of 22850?
2
What is the units digit of 34212?
2
What is the ten thousands digit of 18802?
1
What is the tens digit of 258?
5
What is the thousands digit of 2207?
2
What is the tens digit of 21405?
0
What is the thousands digit of 38051?
8
What is the thousands digit of 3127?
3
What is the thousands digit of 20414?
0
What is the units digit of 2661?
1
What is the units digit of 88?
8
What is the ten thousands digit of 24365?
2
What is the tens digit of 226?
2
What is the units digit of 59382?
2
What is the tens digit of 2054?
5
What is the units digit of 2390?
0
What is the units digit of 11288?
8
What is the tens digit of 665?
6
What is the units digit of 944?
4
What is the tens digit of 9151?
5
What is the hundreds digit of 10527?
5
What is the hundreds digit of 3256?
2
What is the hundreds digit of 67097?
0
What is the hundreds digit of 22348?
3
What is the hundreds digit of 1597?
5
What is the tens digit of 2037?
3
What is the tens digit of 168024?
2
What is the hundreds digit of 56961?
9
What is the hundreds digit of 1620?
6
What is the thousands digit of 105117?
5
What is the units digit of 195?
5
What is the ten thousands digit of 173848?
7
What is the units digit of 395?
5
What is the hundreds digit of 7530?
5
What is the tens digit of 834?
3
What is the units digit of 1028?
8
What is the ten thousands digit of 37717?
3
What is the units digit of 105?
5
What is the tens digit of 1328?
2
What is the hundreds digit of 4013?
0
What is the units digit of 2?
2
What is the units digit of 1348?
8
What is the tens digit of 664?
6
What is the hundreds digit of 3724?
7
What is the thousands digit of 2907?
2
What is the thousands digit of 39576?
9
What is the units digit of 378?
8
What is the thousands digit of 4530?
4
What is the units digit of 2654?
4
What is the hundreds digit of 902?
9
What is the thousands digit of 1042?
1
What is the units digit of 2658?
8
What is the units digit of 474?
4
What is the hundreds digit o